{"id":1892,"date":"2025-01-29T17:10:29","date_gmt":"2025-01-29T16:10:29","guid":{"rendered":"https:\/\/events.i-med.ac.at\/all\/?page_id=1892"},"modified":"2026-01-22T08:34:07","modified_gmt":"2026-01-22T07:34:07","slug":"ausstattung","status":"publish","type":"page","link":"https:\/\/events.i-med.ac.at\/all\/ausstattung\/","title":{"rendered":"Ausstattung"},"content":{"rendered":"\n<h1 class=\"wp-block-heading has-text-align-center pt-5\">Ausstattung<\/h1>\n\n\n\n<ul class=\"wp-block-list\">\n<li>Erstellung von Einladungen, Programmen und Plakaten im Corporate Design der Medizinischen Universit\u00e4t Innsbruck<\/li>\n\n\n\n<li>Beratung bei der Planung von Veranstaltungen<\/li>\n\n\n\n<li>Betreuung Ihrer Veranstaltung vor Ort durch unser geschultes Personal<\/li>\n<\/ul>\n\n\n\n<p><strong>Wichtig: Bitte beachten Sie bei der Planung einer Veranstaltung die Angaben aus dem&nbsp;Veranstaltungshandbuch<\/strong> der Medizinischen Universit\u00e4t Innsbruck.<\/p>\n\n\n\n<h4 class=\"wp-block-heading\"><strong>Ank\u00fcndigungsm\u00f6glichkeiten von Veranstaltungen<\/strong><\/h4>\n\n\n\n<p>Ihre Veranstaltung k\u00f6nnen Sie online in den gemeinsamen Veranstaltungskalender der Universit\u00e4ten eintragen. Hier gelangen Sie zum Online-Formular.<\/p>\n\n\n\n<p>Gerne unterst\u00fctzen wir Sie gegebenenfalls mit weiteren Ank\u00fcndigungsm\u00f6glichkeiten!<\/p>\n\n\n\n<p><strong>Praktische Produkte f\u00fcr Ihre Veranstaltung aus unserem<a href=\"https:\/\/www.i-med.ac.at\/pr\/intranet\/shop.html\">&nbsp;i-med-Shop<\/a>&nbsp;k\u00f6nnen Sie unter&nbsp;<a href=\"mailto:events@i-med.ac.at\">events@i-med.ac.at<\/a>&nbsp;bestellen:<\/strong><\/p>\n\n\n\n<ul class=\"wp-block-list\">\n<li>Lanyards<\/li>\n\n\n\n<li>Konferenzmappen<\/li>\n\n\n\n<li>Kugelschreiber<\/li>\n\n\n\n<li>Seminarbl\u00f6cke<\/li>\n\n\n\n<li>Kombiangebot<\/li>\n\n\n\n<li>Luftballone: auf Anfrage<\/li>\n\n\n\n<li>T-Shirts (Preis je nach St\u00fcckzahl): auf Anfrage<\/li>\n<\/ul>\n\n\n\n<p>In unserem <a href=\"https:\/\/meduni-ibk.atlassian.net\/wiki\/spaces\/abteilungenformulare\/pages\/213450802\/Vistenkarten+Briefpapier+Co\">Intranet MED:INN campus<\/a> finden Sie mehr Informationen zu den Produkten.<\/p>\n\n\n\n<p><strong>Gerne k\u00f6nnen Sie sich bei uns folgende Artikel (nach Verf\u00fcgbarkeit) leihen:<\/strong><\/p>\n\n\n\n<ul class=\"wp-block-list\">\n<li>Roll-up MUI blau mit Logo<\/li>\n\n\n\n<li>Roll-up MUI wei\u00df mit vielen Logos<\/li>\n\n\n\n<li>Wegweiser A3<\/li>\n\n\n\n<li>Infotafel A1<\/li>\n<\/ul>\n\n\n\n<p>Bitte E-Mail an:&nbsp;<a href=\"mailto:events@i-med.ac.at\">events@i-med.ac.at<\/a><\/p>\n","protected":false},"excerpt":{"rendered":"<p>Ausstattung Wichtig: Bitte beachten Sie bei der Planung einer Veranstaltung die Angaben aus dem&nbsp;Veranstaltungshandbuch der Medizinischen Universit\u00e4t Innsbruck. Ank\u00fcndigungsm\u00f6glichkeiten von Veranstaltungen Ihre Veranstaltung k\u00f6nnen Sie online in den gemeinsamen Veranstaltungskalender der Universit\u00e4ten eintragen. Hier gelangen Sie zum Online-Formular. Gerne unterst\u00fctzen wir Sie gegebenenfalls mit weiteren Ank\u00fcndigungsm\u00f6glichkeiten! Praktische Produkte f\u00fcr Ihre Veranstaltung aus unserem&nbsp;i-med-Shop&nbsp;k\u00f6nnen Sie unter&nbsp;events@i-med.ac.at&nbsp;bestellen: [&hellip;]<\/p>\n","protected":false},"author":7,"featured_media":0,"parent":0,"menu_order":0,"comment_status":"closed","ping_status":"closed","template":"","meta":{"episode_type":"","audio_file":"","podmotor_file_id":"","podmotor_episode_id":"","cover_image":"","cover_image_id":"","duration":"","filesize":"","filesize_raw":"","date_recorded":"","explicit":"","block":"","itunes_episode_number":"","itunes_title":"","itunes_season_number":"","itunes_episode_type":"","_themeisle_gutenberg_block_has_review":false,"footnotes":""},"class_list":["post-1892","page","type-page","status-publish","hentry"],"_links":{"self":[{"href":"https:\/\/events.i-med.ac.at\/all\/wp-json\/wp\/v2\/pages\/1892","targetHints":{"allow":["GET"]}}],"collection":[{"href":"https:\/\/events.i-med.ac.at\/all\/wp-json\/wp\/v2\/pages"}],"about":[{"href":"https:\/\/events.i-med.ac.at\/all\/wp-json\/wp\/v2\/types\/page"}],"author":[{"embeddable":true,"href":"https:\/\/events.i-med.ac.at\/all\/wp-json\/wp\/v2\/users\/7"}],"replies":[{"embeddable":true,"href":"https:\/\/events.i-med.ac.at\/all\/wp-json\/wp\/v2\/comments?post=1892"}],"version-history":[{"count":5,"href":"https:\/\/events.i-med.ac.at\/all\/wp-json\/wp\/v2\/pages\/1892\/revisions"}],"predecessor-version":[{"id":3050,"href":"https:\/\/events.i-med.ac.at\/all\/wp-json\/wp\/v2\/pages\/1892\/revisions\/3050"}],"wp:attachment":[{"href":"https:\/\/events.i-med.ac.at\/all\/wp-json\/wp\/v2\/media?parent=1892"}],"curies":[{"name":"wp","href":"https:\/\/api.w.org\/{rel}","templated":true}]}}