{"id":1798,"date":"2025-01-28T11:22:28","date_gmt":"2025-01-28T10:22:28","guid":{"rendered":"https:\/\/events.i-med.ac.at\/all\/?page_id=1798"},"modified":"2026-01-22T08:21:14","modified_gmt":"2026-01-22T07:21:14","slug":"downloads","status":"publish","type":"page","link":"https:\/\/events.i-med.ac.at\/all\/downloads\/","title":{"rendered":"Downloads"},"content":{"rendered":"\n<h1 class=\"wp-block-heading has-text-align-center pt-5\">Downloads<\/h1>\n\n\n\n<h2 class=\"wp-block-heading\">Formulare<\/h2>\n\n\n\n<ul class=\"wp-block-list\">\n<li><a href=\"https:\/\/events.i-med.ac.at\/all\/veranstaltungsanfrage-externe-veranstaltungen\/\"><a href=\"https:\/\/events.i-med.ac.at\/all\/veranstaltungsanfrage-externe-veranstaltungen\/\">Online-Anmeldeformular<\/a> f\u00fcr Veranstaltungen<\/a><\/li>\n<\/ul>\n\n\n\n<h2 class=\"wp-block-heading\">Veranstaltungshandbuch mit Beilagen<\/h2>\n\n\n\n<ul class=\"wp-block-list\">\n<li><a href=\"https:\/\/events.i-med.ac.at\/all\/wp-content\/uploads\/2025\/01\/Final__Handbuch-VA-Endfassung_Genehmigung_Rektoratsteam.pdf\">Veranstaltungshandbuch der Medizinischen Universit\u00e4t Innsbruck<\/a><\/li>\n\n\n\n<li><a href=\"https:\/\/events.i-med.ac.at\/all\/wp-content\/uploads\/2025\/01\/Beilage-1-Mitteilungsblatt-41-MUI-Hausordnung.pdf\">Beilage 1 Mitteilungsblatt 41 MUI Hausordnung<\/a><\/li>\n\n\n\n<li><a href=\"https:\/\/events.i-med.ac.at\/all\/wp-content\/uploads\/2025\/01\/Beilage-2-Mitteilungsblatt-42-MUI-Benuetzungsordnung-Hoersaele-u-Seminarraeume.pdf\">Beilage 2 Mitteilungsblatt 42 MUI Ben\u00fctzungsordnung H\u00f6rs\u00e4le und Seminarr\u00e4ume<\/a><\/li>\n\n\n\n<li><a href=\"https:\/\/events.i-med.ac.at\/all\/wp-content\/uploads\/2025\/01\/Beilage-3-Brandschutzordnung2016.pdf\">Beilage 3 Brandschutzordnung 2016<\/a><\/li>\n\n\n\n<li><a href=\"https:\/\/events.i-med.ac.at\/all\/wp-content\/uploads\/2025\/01\/Beilage-4-Mitteilungsblatt-25-LFU-Haus-und-Benuetzungsordnung.pdf\">Beilage 4 Mitteilungsblatt 25 LFU Haus- und Ben\u00fctzungsordnung<\/a><\/li>\n\n\n\n<li><a href=\"https:\/\/events.i-med.ac.at\/all\/wp-content\/uploads\/2025\/01\/Beilage-5-Mitteilungsblatt-46-LFU-Brandschutzordnung.pdf\">Beilage 5 Mitteilungsblatt 46 LFU Brandschutzordnung<\/a><\/li>\n\n\n\n<li><a href=\"https:\/\/events.i-med.ac.at\/all\/wp-content\/uploads\/2025\/01\/Beilage-8.pdf\">Beilage 8 Weitere Vorschriften f\u00fcr Veranstaltungen<\/a><\/li>\n\n\n\n<li><a href=\"https:\/\/events.i-med.ac.at\/all\/wp-content\/uploads\/2025\/01\/Beilage-9-Aenderung-MUI-Benuetzungsordnung-Hoersaele-u-Seminarraeume.pdf\">Beilage 9 \u00c4nderung MUI Ben\u00fctzungsordnung H\u00f6rs\u00e4le und Seminarr\u00e4ume<\/a><\/li>\n<\/ul>\n\n\n\n<h2 class=\"wp-block-heading\">Vorlagen<\/h2>\n\n\n\n<p>Gerne stellen wir Ihnen Vorlagen im&nbsp;<a href=\"https:\/\/www.i-med.ac.at\/pr\/intranet\/cd.html\">Design der Medizinischen Universit\u00e4t Innsbruck<\/a>&nbsp;zur Verf\u00fcgung:<\/p>\n\n\n\n<ul class=\"wp-block-list\">\n<li><a href=\"https:\/\/events.i-med.ac.at\/all\/wp-content\/uploads\/2025\/01\/Checkliste-Veranstaltungen-allgemein.pdf\">Checkliste \u201eWie plane ich eine Veranstaltung?\u201c<\/a><\/li>\n\n\n\n<li><a href=\"https:\/\/events.i-med.ac.at\/all\/wp-content\/uploads\/2025\/01\/Namensschilder_Vorlage_neu.pdf\">Namensschilder<\/a><\/li>\n\n\n\n<li><a href=\"https:\/\/events.i-med.ac.at\/all\/wp-content\/uploads\/2025\/01\/Med-Uni-Einladung.pdf\">Einladung<\/a><\/li>\n\n\n\n<li><a href=\"https:\/\/events.i-med.ac.at\/all\/wp-content\/uploads\/2025\/01\/Med-Uni-Folder_A5.pdf\">Folder A5<\/a><\/li>\n\n\n\n<li>Briefvorlage<\/li>\n\n\n\n<li><a href=\"https:\/\/events.i-med.ac.at\/all\/wp-content\/uploads\/2025\/01\/Adressetiketten_mit-Logo.pdf\">Adressetiketten<\/a><\/li>\n\n\n\n<li>Power-Point-Pr\u00e4sentation:&nbsp;MUI PPT-Vorlage (4:3)<\/li>\n\n\n\n<li>Power-Point-Pr\u00e4sentation:&nbsp;<a href=\"https:\/\/events.i-med.ac.at\/all\/wp-content\/uploads\/2025\/01\/ppt_vorlage_www_i_med.ac_.at16_9.pptx\">MUI PPT-Vorlage (16:9)<\/a><\/li>\n\n\n\n<li><a href=\"https:\/\/events.i-med.ac.at\/all\/wp-content\/uploads\/2025\/01\/WegweiserA4hoch.zip\">Wegweiser A4 Hochformat<\/a> (zip.file)<\/li>\n\n\n\n<li><a href=\"https:\/\/events.i-med.ac.at\/all\/wp-content\/uploads\/2025\/01\/WegweiserA4quer.zip\">Wegweiser A4 Querformat<\/a> (zip.file)<\/li>\n\n\n\n<li><a href=\"https:\/\/events.i-med.ac.at\/all\/wp-content\/uploads\/2025\/01\/WegweiserA3hoch.zip\">Wegweiser A3 Hochformat<\/a> (zip.file)<\/li>\n\n\n\n<li><a href=\"https:\/\/events.i-med.ac.at\/all\/wp-content\/uploads\/2025\/01\/WegweiserA3quer.zip\">Wegweiser A3 Querformat<\/a> (zip.file)<\/li>\n<\/ul>\n","protected":false},"excerpt":{"rendered":"<p>Downloads Formulare Veranstaltungshandbuch mit Beilagen Vorlagen Gerne stellen wir Ihnen Vorlagen im&nbsp;Design der Medizinischen Universit\u00e4t Innsbruck&nbsp;zur Verf\u00fcgung:<\/p>\n","protected":false},"author":7,"featured_media":0,"parent":0,"menu_order":0,"comment_status":"closed","ping_status":"closed","template":"","meta":{"episode_type":"","audio_file":"","podmotor_file_id":"","podmotor_episode_id":"","cover_image":"","cover_image_id":"","duration":"","filesize":"","filesize_raw":"","date_recorded":"","explicit":"","block":"","itunes_episode_number":"","itunes_title":"","itunes_season_number":"","itunes_episode_type":"","_themeisle_gutenberg_block_has_review":false,"footnotes":""},"class_list":["post-1798","page","type-page","status-publish","hentry"],"_links":{"self":[{"href":"https:\/\/events.i-med.ac.at\/all\/wp-json\/wp\/v2\/pages\/1798","targetHints":{"allow":["GET"]}}],"collection":[{"href":"https:\/\/events.i-med.ac.at\/all\/wp-json\/wp\/v2\/pages"}],"about":[{"href":"https:\/\/events.i-med.ac.at\/all\/wp-json\/wp\/v2\/types\/page"}],"author":[{"embeddable":true,"href":"https:\/\/events.i-med.ac.at\/all\/wp-json\/wp\/v2\/users\/7"}],"replies":[{"embeddable":true,"href":"https:\/\/events.i-med.ac.at\/all\/wp-json\/wp\/v2\/comments?post=1798"}],"version-history":[{"count":8,"href":"https:\/\/events.i-med.ac.at\/all\/wp-json\/wp\/v2\/pages\/1798\/revisions"}],"predecessor-version":[{"id":3045,"href":"https:\/\/events.i-med.ac.at\/all\/wp-json\/wp\/v2\/pages\/1798\/revisions\/3045"}],"wp:attachment":[{"href":"https:\/\/events.i-med.ac.at\/all\/wp-json\/wp\/v2\/media?parent=1798"}],"curies":[{"name":"wp","href":"https:\/\/api.w.org\/{rel}","templated":true}]}}