{"id":1793,"date":"2025-01-28T11:02:06","date_gmt":"2025-01-28T10:02:06","guid":{"rendered":"https:\/\/events.i-med.ac.at\/all\/?page_id=1793"},"modified":"2025-04-18T10:26:47","modified_gmt":"2025-04-18T08:26:47","slug":"raummanagement","status":"publish","type":"page","link":"https:\/\/events.i-med.ac.at\/all\/raummanagement\/","title":{"rendered":"Raummanagement"},"content":{"rendered":"\n<h1 class=\"wp-block-heading has-text-align-center pt-5\">Raummanagement<\/h1>\n\n\n\n<p>Gerne unterst\u00fctzen wir Sie mit unserem Know-how passende R\u00e4umlichkeiten f\u00fcr Ihre Veranstaltung zu finden.<\/p>\n\n\n\n<h2 class=\"wp-block-heading\">Verwaltungsgeb\u00e4ude in der Fritz-Pregl Stra\u00dfe 3, 6020 Innsbruck<\/h2>\n\n\n\n<div class=\"wp-block-columns is-layout-flex wp-container-core-columns-is-layout-9d6595d7 wp-block-columns-is-layout-flex\">\n<div class=\"wp-block-column is-layout-flow wp-block-column-is-layout-flow\" style=\"flex-basis:30%\">\n<figure data-wp-context=\"{&quot;imageId&quot;:&quot;69e0b49179bc1&quot;}\" data-wp-interactive=\"core\/image\" data-wp-key=\"69e0b49179bc1\" class=\"wp-block-image size-large wp-lightbox-container\"><img loading=\"lazy\" decoding=\"async\" width=\"724\" height=\"1024\" data-wp-class--hide=\"state.isContentHidden\" data-wp-class--show=\"state.isContentVisible\" data-wp-init=\"callbacks.setButtonStyles\" data-wp-on--click=\"actions.showLightbox\" data-wp-on--load=\"callbacks.setButtonStyles\" data-wp-on-window--resize=\"callbacks.setButtonStyles\" src=\"https:\/\/events.i-med.ac.at\/all\/wp-content\/uploads\/2025\/04\/fp3-8-patscherkofel-u-foermige-bestuhlung-724x1024.png\" alt=\"\" class=\"wp-image-2695\" srcset=\"https:\/\/events.i-med.ac.at\/all\/wp-content\/uploads\/2025\/04\/fp3-8-patscherkofel-u-foermige-bestuhlung-724x1024.png 724w, https:\/\/events.i-med.ac.at\/all\/wp-content\/uploads\/2025\/04\/fp3-8-patscherkofel-u-foermige-bestuhlung-212x300.png 212w, https:\/\/events.i-med.ac.at\/all\/wp-content\/uploads\/2025\/04\/fp3-8-patscherkofel-u-foermige-bestuhlung-768x1087.png 768w, https:\/\/events.i-med.ac.at\/all\/wp-content\/uploads\/2025\/04\/fp3-8-patscherkofel-u-foermige-bestuhlung.png 848w\" sizes=\"auto, (max-width: 724px) 100vw, 724px\" \/><button\n\t\t\tclass=\"lightbox-trigger\"\n\t\t\ttype=\"button\"\n\t\t\taria-haspopup=\"dialog\"\n\t\t\taria-label=\"Vergr\u00f6\u00dfern\"\n\t\t\tdata-wp-init=\"callbacks.initTriggerButton\"\n\t\t\tdata-wp-on--click=\"actions.showLightbox\"\n\t\t\tdata-wp-style--right=\"state.imageButtonRight\"\n\t\t\tdata-wp-style--top=\"state.imageButtonTop\"\n\t\t>\n\t\t\t<svg xmlns=\"http:\/\/www.w3.org\/2000\/svg\" width=\"12\" height=\"12\" fill=\"none\" viewBox=\"0 0 12 12\">\n\t\t\t\t<path fill=\"#fff\" d=\"M2 0a2 2 0 0 0-2 2v2h1.5V2a.5.5 0 0 1 .5-.5h2V0H2Zm2 10.5H2a.5.5 0 0 1-.5-.5V8H0v2a2 2 0 0 0 2 2h2v-1.5ZM8 12v-1.5h2a.5.5 0 0 0 .5-.5V8H12v2a2 2 0 0 1-2 2H8Zm2-12a2 2 0 0 1 2 2v2h-1.5V2a.5.5 0 0 0-.5-.5H8V0h2Z\" \/>\n\t\t\t<\/svg>\n\t\t<\/button><\/figure>\n<\/div>\n\n\n\n<div class=\"wp-block-column is-layout-flow wp-block-column-is-layout-flow\" style=\"flex-basis:70%\">\n<h3 class=\"wp-block-heading\">Raum Patscherkofel <\/h3>\n\n\n\n<p>Fritz-Pregl-Stra\u00dfe 3, 8. OG<\/p>\n\n\n\n<p>Standardbestuhlung:<br>9 Tische + 18 St\u00fchle<\/p>\n\n\n\n<p><a href=\"https:\/\/events.i-med.ac.at\/all\/wp-content\/uploads\/2025\/04\/FP3-8-Patscherkofel-U-foermige-Bestuhlung.pdf\" target=\"_blank\" rel=\"noreferrer noopener\">Raumplan Patscherkofel als PDF<\/a><\/p>\n<\/div>\n<\/div>\n\n\n\n<div class=\"wp-block-columns is-layout-flex wp-container-core-columns-is-layout-9d6595d7 wp-block-columns-is-layout-flex\">\n<div class=\"wp-block-column is-layout-flow wp-block-column-is-layout-flow\" style=\"flex-basis:30%\">\n<figure data-wp-context=\"{&quot;imageId&quot;:&quot;69e0b4917a1da&quot;}\" data-wp-interactive=\"core\/image\" data-wp-key=\"69e0b4917a1da\" class=\"wp-block-image size-large wp-lightbox-container\"><img loading=\"lazy\" decoding=\"async\" width=\"1024\" height=\"724\" data-wp-class--hide=\"state.isContentHidden\" data-wp-class--show=\"state.isContentVisible\" data-wp-init=\"callbacks.setButtonStyles\" data-wp-on--click=\"actions.showLightbox\" data-wp-on--load=\"callbacks.setButtonStyles\" data-wp-on-window--resize=\"callbacks.setButtonStyles\" src=\"https:\/\/events.i-med.ac.at\/all\/wp-content\/uploads\/2025\/04\/fp3-8-bettelwurf-u-foermige-bestuhlung-1024x724.png\" alt=\"\" class=\"wp-image-2701\" srcset=\"https:\/\/events.i-med.ac.at\/all\/wp-content\/uploads\/2025\/04\/fp3-8-bettelwurf-u-foermige-bestuhlung-1024x724.png 1024w, https:\/\/events.i-med.ac.at\/all\/wp-content\/uploads\/2025\/04\/fp3-8-bettelwurf-u-foermige-bestuhlung-300x212.png 300w, https:\/\/events.i-med.ac.at\/all\/wp-content\/uploads\/2025\/04\/fp3-8-bettelwurf-u-foermige-bestuhlung-768x543.png 768w, https:\/\/events.i-med.ac.at\/all\/wp-content\/uploads\/2025\/04\/fp3-8-bettelwurf-u-foermige-bestuhlung.png 1200w\" sizes=\"auto, (max-width: 1024px) 100vw, 1024px\" \/><button\n\t\t\tclass=\"lightbox-trigger\"\n\t\t\ttype=\"button\"\n\t\t\taria-haspopup=\"dialog\"\n\t\t\taria-label=\"Vergr\u00f6\u00dfern\"\n\t\t\tdata-wp-init=\"callbacks.initTriggerButton\"\n\t\t\tdata-wp-on--click=\"actions.showLightbox\"\n\t\t\tdata-wp-style--right=\"state.imageButtonRight\"\n\t\t\tdata-wp-style--top=\"state.imageButtonTop\"\n\t\t>\n\t\t\t<svg xmlns=\"http:\/\/www.w3.org\/2000\/svg\" width=\"12\" height=\"12\" fill=\"none\" viewBox=\"0 0 12 12\">\n\t\t\t\t<path fill=\"#fff\" d=\"M2 0a2 2 0 0 0-2 2v2h1.5V2a.5.5 0 0 1 .5-.5h2V0H2Zm2 10.5H2a.5.5 0 0 1-.5-.5V8H0v2a2 2 0 0 0 2 2h2v-1.5ZM8 12v-1.5h2a.5.5 0 0 0 .5-.5V8H12v2a2 2 0 0 1-2 2H8Zm2-12a2 2 0 0 1 2 2v2h-1.5V2a.5.5 0 0 0-.5-.5H8V0h2Z\" \/>\n\t\t\t<\/svg>\n\t\t<\/button><\/figure>\n<\/div>\n\n\n\n<div class=\"wp-block-column is-layout-flow wp-block-column-is-layout-flow\" style=\"flex-basis:70%\">\n<h3 class=\"wp-block-heading\">Raum Bettelwurf<\/h3>\n\n\n\n<p>Fritz-Pregl-Stra\u00dfe 3, 8. OG<\/p>\n\n\n\n<p>Standardbestuhlung:<br>7 Tische + 14 St\u00fchle<\/p>\n\n\n\n<p><a href=\"https:\/\/events.i-med.ac.at\/all\/wp-content\/uploads\/2025\/04\/FP3-8-Bettelwurf-U-foermige-Bestuhlung-neu-akt.pdf\" target=\"_blank\" rel=\"noreferrer noopener\">Raumplan Bettelwurf als PDF<\/a><\/p>\n<\/div>\n<\/div>\n\n\n\n<div class=\"wp-block-columns is-layout-flex wp-container-core-columns-is-layout-9d6595d7 wp-block-columns-is-layout-flex\">\n<div class=\"wp-block-column is-layout-flow wp-block-column-is-layout-flow\" style=\"flex-basis:30%\">\n<figure data-wp-context=\"{&quot;imageId&quot;:&quot;69e0b4917a4e9&quot;}\" data-wp-interactive=\"core\/image\" data-wp-key=\"69e0b4917a4e9\" class=\"wp-block-image size-large wp-lightbox-container\"><img loading=\"lazy\" decoding=\"async\" width=\"1024\" height=\"724\" data-wp-class--hide=\"state.isContentHidden\" data-wp-class--show=\"state.isContentVisible\" data-wp-init=\"callbacks.setButtonStyles\" data-wp-on--click=\"actions.showLightbox\" data-wp-on--load=\"callbacks.setButtonStyles\" data-wp-on-window--resize=\"callbacks.setButtonStyles\" src=\"https:\/\/events.i-med.ac.at\/all\/wp-content\/uploads\/2025\/04\/fp3-8-martinswand-u-foermige-bestuhlung-1024x724.png\" alt=\"\" class=\"wp-image-2703\" srcset=\"https:\/\/events.i-med.ac.at\/all\/wp-content\/uploads\/2025\/04\/fp3-8-martinswand-u-foermige-bestuhlung-1024x724.png 1024w, https:\/\/events.i-med.ac.at\/all\/wp-content\/uploads\/2025\/04\/fp3-8-martinswand-u-foermige-bestuhlung-300x212.png 300w, https:\/\/events.i-med.ac.at\/all\/wp-content\/uploads\/2025\/04\/fp3-8-martinswand-u-foermige-bestuhlung-768x543.png 768w, https:\/\/events.i-med.ac.at\/all\/wp-content\/uploads\/2025\/04\/fp3-8-martinswand-u-foermige-bestuhlung.png 1200w\" sizes=\"auto, (max-width: 1024px) 100vw, 1024px\" \/><button\n\t\t\tclass=\"lightbox-trigger\"\n\t\t\ttype=\"button\"\n\t\t\taria-haspopup=\"dialog\"\n\t\t\taria-label=\"Vergr\u00f6\u00dfern\"\n\t\t\tdata-wp-init=\"callbacks.initTriggerButton\"\n\t\t\tdata-wp-on--click=\"actions.showLightbox\"\n\t\t\tdata-wp-style--right=\"state.imageButtonRight\"\n\t\t\tdata-wp-style--top=\"state.imageButtonTop\"\n\t\t>\n\t\t\t<svg xmlns=\"http:\/\/www.w3.org\/2000\/svg\" width=\"12\" height=\"12\" fill=\"none\" viewBox=\"0 0 12 12\">\n\t\t\t\t<path fill=\"#fff\" d=\"M2 0a2 2 0 0 0-2 2v2h1.5V2a.5.5 0 0 1 .5-.5h2V0H2Zm2 10.5H2a.5.5 0 0 1-.5-.5V8H0v2a2 2 0 0 0 2 2h2v-1.5ZM8 12v-1.5h2a.5.5 0 0 0 .5-.5V8H12v2a2 2 0 0 1-2 2H8Zm2-12a2 2 0 0 1 2 2v2h-1.5V2a.5.5 0 0 0-.5-.5H8V0h2Z\" \/>\n\t\t\t<\/svg>\n\t\t<\/button><\/figure>\n<\/div>\n\n\n\n<div class=\"wp-block-column is-layout-flow wp-block-column-is-layout-flow\" style=\"flex-basis:70%\">\n<h3 class=\"wp-block-heading\">Raum Martinswand<\/h3>\n\n\n\n<p>Fritz-Pregl-Stra\u00dfe 3, 8. OG<\/p>\n\n\n\n<p>Standardbestuhlung:<br>7 Tische + 14 St\u00fchle<\/p>\n\n\n\n<p><a href=\"https:\/\/events.i-med.ac.at\/all\/wp-content\/uploads\/2025\/04\/FP3-8-Martinswand-U-foermige-Bestuhlung-neu-akt.pdf\" target=\"_blank\" rel=\"noreferrer noopener\">Raumplan Martinswand als PDF<\/a><\/p>\n<\/div>\n<\/div>\n\n\n\n<div class=\"wp-block-columns is-layout-flex wp-container-core-columns-is-layout-9d6595d7 wp-block-columns-is-layout-flex\">\n<div class=\"wp-block-column is-layout-flow wp-block-column-is-layout-flow\" style=\"flex-basis:30%\">\n<figure data-wp-context=\"{&quot;imageId&quot;:&quot;69e0b4917a7e0&quot;}\" data-wp-interactive=\"core\/image\" data-wp-key=\"69e0b4917a7e0\" class=\"wp-block-image size-large wp-lightbox-container\"><img loading=\"lazy\" decoding=\"async\" width=\"1024\" height=\"724\" data-wp-class--hide=\"state.isContentHidden\" data-wp-class--show=\"state.isContentVisible\" data-wp-init=\"callbacks.setButtonStyles\" data-wp-on--click=\"actions.showLightbox\" data-wp-on--load=\"callbacks.setButtonStyles\" data-wp-on-window--resize=\"callbacks.setButtonStyles\" src=\"https:\/\/events.i-med.ac.at\/all\/wp-content\/uploads\/2025\/04\/fp3_e_eg-1024x724.png\" alt=\"\" class=\"wp-image-2707\" srcset=\"https:\/\/events.i-med.ac.at\/all\/wp-content\/uploads\/2025\/04\/fp3_e_eg-1024x724.png 1024w, https:\/\/events.i-med.ac.at\/all\/wp-content\/uploads\/2025\/04\/fp3_e_eg-300x212.png 300w, https:\/\/events.i-med.ac.at\/all\/wp-content\/uploads\/2025\/04\/fp3_e_eg-768x543.png 768w, https:\/\/events.i-med.ac.at\/all\/wp-content\/uploads\/2025\/04\/fp3_e_eg.png 1200w\" sizes=\"auto, (max-width: 1024px) 100vw, 1024px\" \/><button\n\t\t\tclass=\"lightbox-trigger\"\n\t\t\ttype=\"button\"\n\t\t\taria-haspopup=\"dialog\"\n\t\t\taria-label=\"Vergr\u00f6\u00dfern\"\n\t\t\tdata-wp-init=\"callbacks.initTriggerButton\"\n\t\t\tdata-wp-on--click=\"actions.showLightbox\"\n\t\t\tdata-wp-style--right=\"state.imageButtonRight\"\n\t\t\tdata-wp-style--top=\"state.imageButtonTop\"\n\t\t>\n\t\t\t<svg xmlns=\"http:\/\/www.w3.org\/2000\/svg\" width=\"12\" height=\"12\" fill=\"none\" viewBox=\"0 0 12 12\">\n\t\t\t\t<path fill=\"#fff\" d=\"M2 0a2 2 0 0 0-2 2v2h1.5V2a.5.5 0 0 1 .5-.5h2V0H2Zm2 10.5H2a.5.5 0 0 1-.5-.5V8H0v2a2 2 0 0 0 2 2h2v-1.5ZM8 12v-1.5h2a.5.5 0 0 0 .5-.5V8H12v2a2 2 0 0 1-2 2H8Zm2-12a2 2 0 0 1 2 2v2h-1.5V2a.5.5 0 0 0-.5-.5H8V0h2Z\" \/>\n\t\t\t<\/svg>\n\t\t<\/button><\/figure>\n<\/div>\n\n\n\n<div class=\"wp-block-column is-layout-flow wp-block-column-is-layout-flow\" style=\"flex-basis:70%\">\n<h3 class=\"wp-block-heading\">Erdgescho\u00df (Audimax + Foyer)<\/h3>\n\n\n\n<p>Fritz-Pregl-Stra\u00dfe 3<\/p>\n\n\n\n<p>Audimax: 450 Sitzpl\u00e4tze<br>Foyer: 300m<sup>2<\/sup><\/p>\n\n\n\n<p>Achtung: Audimax und Foyer m\u00fcssen jeweils getrennt gebucht werden.<\/p>\n\n\n\n<p><a href=\"https:\/\/events.i-med.ac.at\/all\/wp-content\/uploads\/2025\/04\/fp3_e_eg.png\" target=\"_blank\" rel=\"noreferrer noopener\">Raumplan Erdgescho\u00df als PDF<\/a><\/p>\n<\/div>\n<\/div>\n\n\n\n<p>Bei Raumbuchung wird von der Standardbestuhlung ausgegangen. \u00c4nderungen an der Bestuhlung bitte gesondert angefragen.<\/p>\n\n\n\n<p>F\u00fcr weitere Informationen \u00fcber R\u00e4ume und technische Ausstattung im Verwaltungsgeb\u00e4ude in der Fritz-Pregl-Stra\u00dfe 3 wenden Sie sich bitte an&nbsp;<a href=\"mailto:events@i-med.ac.at\">events@i-med.ac.at<\/a>.<\/p>\n\n\n\n<h2 class=\"wp-block-heading\">CCB (Innrain 80), 6020 Innsbruck<\/h2>\n\n\n\n<p>Detailpl\u00e4ne und Anleitungen werden derzeit ausgearbeitet.<\/p>\n\n\n\n<p>Hier gelangen Sie zu den <a href=\"https:\/\/www.i-med.ac.at\/universitaet\/lageplan.html\">Lagepl\u00e4nen &amp; der Ben\u00fctzungsordnung<\/a>.<\/p>\n\n\n\n<h2 class=\"wp-block-heading\">Parkm\u00f6glichkeiten<\/h2>\n\n\n\n<p><strong>Parkgarage \u201eParken Innsbruck\u201c, Westgarage \u2010 Beselepark<\/strong><br>6020 Innsbruck, Innerkoflerstra\u00dfe 15<br><a href=\"https:\/\/www.parken-innsbruck.com\/\" target=\"_blank\" rel=\"noreferrer noopener\">www.parken-innsbruck.com<\/a><\/p>\n\n\n\n<p><strong>Garage \u2013 Zentrum (BOE)<\/strong><br>6020 Innsbruck, Innrain 25<br><a rel=\"noreferrer noopener\" target=\"_blank\" href=\"https:\/\/www.boe-parking.at\/de\/garagen\/tirol\/zentrum\">www.boe\u2010parking.at\/boe\/de\/garagen\/custom.garagen\/39.html<\/a><\/p>\n\n\n\n<p><strong>Parkzonen<\/strong><br>In unmittelbarer N\u00e4he des Geb\u00e4udes Fritz\u2010Pregl\u2010Str. 3, der Universit\u00e4t Innsbruck und des Biozentrums gibt es nur beschr\u00e4nkte Parkm\u00f6glichkeiten. Rund um diese Geb\u00e4ude befindet sich eine so genannte blaue Parkzone. Das Parken am Stra\u00dfenrand ist im Rahmen der blauen Markierungen f\u00fcr maximal 90 Minuten kostenpflichtig erlaubt.<\/p>\n\n\n\n<p><strong>Kostenloses Parken f\u00fcr Menschen mit Behinderung<\/strong><br>Den entsprechenden <a href=\"https:\/\/www.sozialministeriumservice.at\/Menschen_mit_Behinderung\/Behindertenpass_und_Parkausweis\/Parkausweis\/Parkausweis.de.html\">Parkausweis <\/a>(blau) erhalten Sie beim&nbsp;Sozialministeriumservice.&nbsp;Dieser gilt in allen Innsbrucker Kurzparkzonen und in den sogenannten gr\u00fcnen Zonen.<\/p>\n\n\n\n<p>Wir weisen darauf hin, dass die Raumvergabe nach Verf\u00fcgbarkeit und unter Einbindung des Vizerektorats f\u00fcr Lehre und Studienangelegenheiten erfolgt.<\/p>\n","protected":false},"excerpt":{"rendered":"<p>Raummanagement Gerne unterst\u00fctzen wir Sie mit unserem Know-how passende R\u00e4umlichkeiten f\u00fcr Ihre Veranstaltung zu finden. Verwaltungsgeb\u00e4ude in der Fritz-Pregl Stra\u00dfe 3, 6020 Innsbruck Raum Patscherkofel Fritz-Pregl-Stra\u00dfe 3, 8. OG Standardbestuhlung:9 Tische + 18 St\u00fchle Raumplan Patscherkofel als PDF Raum Bettelwurf Fritz-Pregl-Stra\u00dfe 3, 8. OG Standardbestuhlung:7 Tische + 14 St\u00fchle Raumplan Bettelwurf als PDF Raum Martinswand [&hellip;]<\/p>\n","protected":false},"author":7,"featured_media":0,"parent":0,"menu_order":0,"comment_status":"closed","ping_status":"closed","template":"","meta":{"episode_type":"","audio_file":"","podmotor_file_id":"","podmotor_episode_id":"","cover_image":"","cover_image_id":"","duration":"","filesize":"","filesize_raw":"","date_recorded":"","explicit":"","block":"","itunes_episode_number":"","itunes_title":"","itunes_season_number":"","itunes_episode_type":"","_themeisle_gutenberg_block_has_review":false,"footnotes":""},"class_list":["post-1793","page","type-page","status-publish","hentry"],"_links":{"self":[{"href":"https:\/\/events.i-med.ac.at\/all\/wp-json\/wp\/v2\/pages\/1793","targetHints":{"allow":["GET"]}}],"collection":[{"href":"https:\/\/events.i-med.ac.at\/all\/wp-json\/wp\/v2\/pages"}],"about":[{"href":"https:\/\/events.i-med.ac.at\/all\/wp-json\/wp\/v2\/types\/page"}],"author":[{"embeddable":true,"href":"https:\/\/events.i-med.ac.at\/all\/wp-json\/wp\/v2\/users\/7"}],"replies":[{"embeddable":true,"href":"https:\/\/events.i-med.ac.at\/all\/wp-json\/wp\/v2\/comments?post=1793"}],"version-history":[{"count":5,"href":"https:\/\/events.i-med.ac.at\/all\/wp-json\/wp\/v2\/pages\/1793\/revisions"}],"predecessor-version":[{"id":1991,"href":"https:\/\/events.i-med.ac.at\/all\/wp-json\/wp\/v2\/pages\/1793\/revisions\/1991"}],"wp:attachment":[{"href":"https:\/\/events.i-med.ac.at\/all\/wp-json\/wp\/v2\/media?parent=1793"}],"curies":[{"name":"wp","href":"https:\/\/api.w.org\/{rel}","templated":true}]}}