{"id":1674,"date":"2025-01-22T15:11:24","date_gmt":"2025-01-22T14:11:24","guid":{"rendered":"https:\/\/events.i-med.ac.at\/all\/?page_id=1674"},"modified":"2026-04-10T10:05:51","modified_gmt":"2026-04-10T08:05:51","slug":"woche-des-gehirns-2025","status":"publish","type":"page","link":"https:\/\/events.i-med.ac.at\/all\/woche-des-gehirns-2025\/","title":{"rendered":"Woche des Gehirns 2025"},"content":{"rendered":"\n<h2 class=\"wp-block-heading has-text-align-center pb-4 pt-5 has-vivid-red-color has-text-color has-link-color wp-elements-435181f6aa5b4354663ce3a5eff736ee\">Schwerpunkt: Vorbeugung von Gehirnerkrankungen<\/h2>\n\n\n\n<div class=\"wp-block-group wdg-cards\"><div class=\"wp-block-group__inner-container is-layout-constrained wp-block-group-is-layout-constrained\">\n<div class=\"wp-block-group\"><div class=\"wp-block-group__inner-container is-layout-constrained wp-block-group-is-layout-constrained\">\n<div class=\"wp-block-columns ticss-58c1f68a has-background is-layout-flex wp-container-core-columns-is-layout-9d6595d7 wp-block-columns-is-layout-flex\" style=\"background-color:#f1f1f1\">\n<div class=\"wp-block-column ticss-c6e36f28 bggehirn has-background is-layout-flow wp-block-column-is-layout-flow\" style=\"background-color:#dbe7ef;flex-basis:35%\">\n<h3 class=\"wp-block-heading mb-0 has-text-color has-link-color wp-elements-a910610618b2ec89190d9aaf151dba86\" style=\"color:#4b849c\">Montag, 10.03.2025<\/h3>\n\n\n\n<hr class=\"wp-block-separator has-text-color has-alpha-channel-opacity has-background is-style-wide\" style=\"background-color:#da353c;color:#da353c\"\/>\n\n\n\n<p class=\"fs-6 mb-3 ticss-d5eff011\"><\/p>\n\n\n\n<p class=\"mb-0 ticss-8404f503\"><\/p>\n<\/div>\n\n\n\n<div class=\"wp-block-column ticss-846714aa p-4 pt-0 pt-md-4 px-lg-0 pe-lg-4 is-layout-flow wp-block-column-is-layout-flow\" style=\"flex-basis:65%\">\n<h3 class=\"wp-block-heading pb-4\">Gesund \u00e4lter werden:<br>Demenz vorbeugen und das Gehirn fit halten<\/h3>\n\n\n\n<div class=\"wp-block-columns is-not-stacked-on-mobile mb-0 is-layout-flex wp-container-core-columns-is-layout-9d6595d7 wp-block-columns-is-layout-flex\">\n<div class=\"wp-block-column is-layout-flow wp-block-column-is-layout-flow\" style=\"flex-basis:75%\">\n<p>Michaela Defrancesco, Ass.-Professorin f\u00fcr neurokognitive St\u00f6rungen<\/p>\n<\/div>\n<\/div>\n\n\n\n<p>Es ist nie zu fr\u00fch, mit der F\u00f6rderung der Gehirngesundheit zu beginnen. In ihrem Vortrag erkl\u00e4rt <strong>Michaela Defrancesco<\/strong> was jeder Mensch in jedem Alter f\u00fcr seine Gehirnfitness tun kann und sie schl\u00fcsselt die 14 Faktoren auf, die nach neuestem Stand der Wissenschaft, ausschlaggebend f\u00fcr die Pr\u00e4vention von Demenz sind. Defrancesco erl\u00e4utert, welche Fr\u00fchsymptome sich bei dementiellen Erkrankungen zeigen, welche Therapien es bereits gibt und welche Fortschritte die Forschung bringen wird.<\/p>\n<\/div>\n<\/div>\n\n\n\n<div class=\"wp-block-columns ticss-58c1f68a has-background is-layout-flex wp-container-core-columns-is-layout-9d6595d7 wp-block-columns-is-layout-flex\" style=\"background-color:#f1f1f1\">\n<div class=\"wp-block-column ticss-ed5eae0f bggehirn has-background is-layout-flow wp-block-column-is-layout-flow\" style=\"background-color:#dbe7ef;flex-basis:35%\">\n<h3 class=\"wp-block-heading mb-0 has-text-color has-link-color wp-elements-022704dbcaa1352db539a7d9a536b7cf\" style=\"color:#4b849c\">Dienstag, 11.03.2025<\/h3>\n\n\n\n<hr class=\"wp-block-separator has-text-color has-alpha-channel-opacity has-background is-style-wide\" style=\"background-color:#da353c;color:#da353c\"\/>\n\n\n\n<p class=\"fs-6 mb-3 ticss-d5eff011\"><\/p>\n\n\n\n<p class=\"mb-0 ticss-8404f503 has-small-font-size\"><\/p>\n<\/div>\n\n\n\n<div class=\"wp-block-column ticss-55ce26d8 p-4 pt-0 pt-md-4 px-lg-0 pe-lg-4 is-layout-flow wp-block-column-is-layout-flow\" style=\"flex-basis:65%\">\n<h3 class=\"wp-block-heading pb-4\">Freundschaften, Ern\u00e4hrung, k\u00f6rperliche Aktivit\u00e4t &#8211; So k\u00f6nnen wir unsere psychische Gesundheit f\u00f6rdern<\/h3>\n\n\n\n<div class=\"wp-block-columns is-not-stacked-on-mobile mb-0 is-layout-flex wp-container-core-columns-is-layout-9d6595d7 wp-block-columns-is-layout-flex\">\n<div class=\"wp-block-column is-layout-flow wp-block-column-is-layout-flow\" style=\"flex-basis:75%\">\n<p>Katharina H\u00fcfner, Professorin f\u00fcr Psychiatrie und psychotherap. Medizin<\/p>\n<\/div>\n<\/div>\n\n\n\n<p>Erst war \u201eSitzen das neue Rauchen\u201c, jetzt gibt es eine \u201eEpidemie der Einsamkeit\u201c. Diese Schlagzeilen verdeutlichen, dass fehlende k\u00f6rperliche Aktivit\u00e4t und Einsamkeit zwei wichtige Risikofaktoren f\u00fcr psychische Erkrankungen sind. Das ist besonders gut f\u00fcr \u201eStress-assoziierte\u201c Erkrankungen wie Depression oder Angstst\u00f6rungen erforscht. <strong>Katharina H\u00fcfner<\/strong> spricht in ihrem Vortrag au\u00dferdem \u00fcber den Einfluss der Ern\u00e4hrung auf die Darmbakterien und wie diese die psychische Gesundheit beeinflussen k\u00f6nnen. Sie kl\u00e4rt auf, wann zu viel Bewegung zu \u201eSportsucht\u201c und zu gesunde Ern\u00e4hrung zur \u201eEssst\u00f6rung\u201c wird.<\/p>\n<\/div>\n<\/div>\n\n\n\n<div class=\"wp-block-columns ticss-58c1f68a has-background is-layout-flex wp-container-core-columns-is-layout-9d6595d7 wp-block-columns-is-layout-flex\" style=\"background-color:#f1f1f1\">\n<div class=\"wp-block-column ticss-f6dd283a bggehirn has-background is-layout-flow wp-block-column-is-layout-flow\" style=\"background-color:#dbe7ef;flex-basis:35%\">\n<h3 class=\"wp-block-heading mb-0 has-text-color has-link-color wp-elements-4f79e930bac89fb8ca9aa758aa1cb2de\" style=\"color:#4b849c\">Mittwoch, 12.03.2025<\/h3>\n\n\n\n<hr class=\"wp-block-separator has-text-color has-alpha-channel-opacity has-background is-style-wide\" style=\"background-color:#da353c;color:#da353c\"\/>\n\n\n\n<p class=\"fs-6 mb-3 ticss-41ab3947\"><\/p>\n\n\n\n<p class=\"mb-0 ticss-8404f503\"><\/p>\n<\/div>\n\n\n\n<div class=\"wp-block-column ticss-1ca4bd8f p-4 pt-0 pt-md-4 px-lg-0 pe-lg-4 is-layout-flow wp-block-column-is-layout-flow\" style=\"flex-basis:65%\">\n<h3 class=\"wp-block-heading pb-4\">Zucker im Kopf? Diabetes und das Gehirn<\/h3>\n\n\n\n<div class=\"wp-block-columns is-not-stacked-on-mobile mb-0 is-layout-flex wp-container-core-columns-is-layout-9d6595d7 wp-block-columns-is-layout-flex\">\n<div class=\"wp-block-column is-layout-flow wp-block-column-is-layout-flow\" style=\"flex-basis:75%\">\n<p>Susanne Kaser, Professorin f\u00fcr Endokrinologie und Diabetologie<\/p>\n<\/div>\n<\/div>\n\n\n\n<p>Fast jeder zehnte Mensch in \u00d6sterreich ist von Diabetes Typ 2 betroffen \u2013 Tendenz stark steigend. W\u00e4hrend Herz-Kreislauf-Erkrankungen als Todesursache bei Diabetes laut einer d\u00e4nischen Studie in den vergangenen 25 Jahren deutlich zur\u00fcckgegangen sind, ist die Demenz-Mortalit\u00e4t bei den Betroffenen, v.a. bei den Frauen, erheblich gestiegen. Welche Mechanismen sich bei Diabetes Typ 2 im Gehirn abspielen, welchen Einfluss die Ern\u00e4hrung darauf hat und wie man gegen die Erkrankung vorsorgen kann, wird <strong>Susanne Kaser<\/strong> in ihrem Vortrag erl\u00e4utern.<\/p>\n<\/div>\n<\/div>\n\n\n\n<div class=\"wp-block-columns ticss-58c1f68a has-background is-layout-flex wp-container-core-columns-is-layout-9d6595d7 wp-block-columns-is-layout-flex\" style=\"background-color:#f1f1f1\">\n<div class=\"wp-block-column ticss-3c606fa1 bggehirn has-background is-layout-flow wp-block-column-is-layout-flow\" style=\"background-color:#dbe7ef;flex-basis:35%\">\n<h3 class=\"wp-block-heading mb-0 has-text-color has-link-color wp-elements-2b6783298d77d5a85271360e9c2f3068\" style=\"color:#4b849c\">Donnerstag, 13.03.2025<\/h3>\n\n\n\n<hr class=\"wp-block-separator has-text-color has-alpha-channel-opacity has-background is-style-wide\" style=\"background-color:#da353c;color:#da353c\"\/>\n\n\n\n<p class=\"fs-6 mb-3 ticss-9ce2ea3e\"><\/p>\n\n\n\n<p class=\"mb-0 ticss-8404f503\"><\/p>\n<\/div>\n\n\n\n<div class=\"wp-block-column ticss-1244d671 p-4 pt-0 pt-md-4 px-lg-0 pe-lg-4 is-layout-flow wp-block-column-is-layout-flow\" style=\"flex-basis:65%\">\n<h3 class=\"wp-block-heading pb-4\">Sport f\u00fcrs Gehirn&nbsp;\u2013&nbsp;Bewegung als Schl\u00fcssel f\u00fcr einen fitten Kopf&nbsp;<\/h3>\n\n\n\n<div class=\"wp-block-columns is-not-stacked-on-mobile mb-0 is-layout-flex wp-container-core-columns-is-layout-9d6595d7 wp-block-columns-is-layout-flex\">\n<div class=\"wp-block-column is-layout-flow wp-block-column-is-layout-flow\" style=\"flex-basis:75%\">\n<p>Anne Hecksteden, Professorin f\u00fcr Sportmedizin<\/p>\n<\/div>\n<\/div>\n\n\n\n<p>Die Psyche und die kognitive Leistungsf\u00e4higkeit \u2013 Stichwort: Demenzpr\u00e4vention \u2013 profitieren von k\u00f6rperlicher Bewegung. <strong>Anne Hecksteden<\/strong> geht in ihrem Vortrag darauf ein, wie viel Sport in welcher Lebensphase gesund ist, ob mehr Bewegung immer auch mehr Gehirngesundheit bedeutet und welche Mechanismen im Gehirn durch Sport angeregt werden. Hecksteden erkl\u00e4rt, mit welchen positiven Effekten man bei regelm\u00e4\u00dfiger k\u00f6rperlicher Aktivit\u00e4t rechnen darf und welche Risiken dabei trotzdem nicht au\u00dfer Acht gelassen werden d\u00fcrfen.<\/p>\n<\/div>\n<\/div>\n\n\n\n<div class=\"wp-block-columns ticss-58c1f68a has-background is-layout-flex wp-container-core-columns-is-layout-9d6595d7 wp-block-columns-is-layout-flex\" style=\"background-color:#f1f1f1\">\n<div class=\"wp-block-column ticss-3c606fa1 bggehirn has-background is-layout-flow wp-block-column-is-layout-flow\" style=\"background-color:#dbe7ef;flex-basis:35%\">\n<h3 class=\"wp-block-heading mb-0 has-text-color has-link-color wp-elements-91efc50d916fa5cf0f34b869e1e255e7\" style=\"color:#4b849c\">Freitag, 14.03.2025<\/h3>\n\n\n\n<hr class=\"wp-block-separator has-text-color has-alpha-channel-opacity has-background is-style-wide\" style=\"background-color:#da353c;color:#da353c\"\/>\n\n\n\n<p class=\"fs-6 mb-3 ticss-3b296627\"><\/p>\n\n\n\n<p class=\"mb-0 ticss-8404f503\"><\/p>\n<\/div>\n\n\n\n<div class=\"wp-block-column ticss-1244d671 p-4 pt-0 pt-md-4 px-lg-0 pe-lg-4 is-layout-flow wp-block-column-is-layout-flow\" style=\"flex-basis:65%\">\n<h3 class=\"wp-block-heading pb-4\">Von Stress zu St\u00e4rke: Wie Meditation Gehirn und Verhalten positiv beeinflusst&nbsp;<\/h3>\n\n\n\n<div class=\"wp-block-columns is-not-stacked-on-mobile mb-0 is-layout-flex wp-container-core-columns-is-layout-9d6595d7 wp-block-columns-is-layout-flex\">\n<div class=\"wp-block-column is-layout-flow wp-block-column-is-layout-flow\" style=\"flex-basis:75%\">\n<p>Carina Bichler, Klinische- und Sportpsychologin<\/p>\n<\/div>\n<\/div>\n\n\n\n<div class=\"wp-block-columns is-not-stacked-on-mobile mb-0 is-layout-flex wp-container-core-columns-is-layout-9d6595d7 wp-block-columns-is-layout-flex\">\n<div class=\"wp-block-column is-layout-flow wp-block-column-is-layout-flow\" style=\"flex-basis:75%\">\n<p>Harald H\u00f6rmann, Mentaltrainer im Leistungssport<\/p>\n<\/div>\n<\/div>\n\n\n\n<p>Beide sind ExpertInnen f\u00fcr Entspannungstechniken<\/p>\n\n\n\n<p>Was passiert bei Stress im Gehirn und wie funktioniert Entspannung? Meditationstechniken spielen mit Aufmerksamkeit, Achtsamkeit, Konzentration und Loslassen \u00ad\u2013 ge\u00fcbte Menschen erreichen dadurch einen Zustand, der weg vom Denken, hin zur Wahrnehmung f\u00fchrt. <strong>Harald H\u00f6rmann und Carina Bichler<\/strong> f\u00fchren in die Welt der Meditation ein. Sie erkl\u00e4ren, welche Arten der Meditation es gibt und was sie neuesten Forschungsergebnissen zufolge im Gehirn, im ganzen K\u00f6rper und im Verhalten bewirken.<\/p>\n<\/div>\n<\/div>\n<\/div><\/div>\n<\/div><\/div>\n\n\n\n<div class=\"wp-block-columns alignfull px-5 is-layout-flex wp-container-core-columns-is-layout-9d6595d7 wp-block-columns-is-layout-flex\">\n<div class=\"wp-block-column is-vertically-aligned-center is-layout-flow wp-block-column-is-layout-flow\" style=\"flex-basis:40%\">\n<div class=\"wp-block-columns alignfull are-vertically-aligned-center pt-5 is-layout-flex wp-container-core-columns-is-layout-9d6595d7 wp-block-columns-is-layout-flex\">\n<div class=\"wp-block-column is-vertically-aligned-center is-layout-flow wp-block-column-is-layout-flow\" style=\"flex-basis:40%\">\n<figure class=\"wp-block-image alignfull size-full\"><img loading=\"lazy\" decoding=\"async\" width=\"100\" height=\"100\" src=\"https:\/\/events.i-med.ac.at\/all\/wp-content\/uploads\/2025\/02\/qigong-acd8a5.svg\" alt=\"\" class=\"wp-image-2268\"\/><\/figure>\n<\/div>\n\n\n\n<div class=\"wp-block-column is-vertically-aligned-center is-layout-flow wp-block-column-is-layout-flow\" style=\"flex-basis:45%\">\n<figure class=\"wp-block-image alignfull size-full\"><img loading=\"lazy\" decoding=\"async\" width=\"100\" height=\"100\" src=\"https:\/\/events.i-med.ac.at\/all\/wp-content\/uploads\/2025\/02\/meditation-9439a3.svg\" alt=\"\" class=\"wp-image-2275\"\/><\/figure>\n<\/div>\n<\/div>\n<\/div>\n\n\n\n<div class=\"wp-block-column is-vertically-aligned-center is-layout-flow wp-block-column-is-layout-flow\" style=\"flex-basis:60%\">\n<h3 class=\"wp-block-heading has-text-align-center\">W\u00e4hrend der Woche des Gehirns 2025 gibt es f\u00fcr alle Interessierte ein kostenloses Rahmenprogramm mit Qigong und <a href=\"https:\/\/events.i-med.ac.at\/all\/online-meditation\/\" data-type=\"page\" data-id=\"2246\">Online Meditation<\/a>.<\/h3>\n<\/div>\n<\/div>\n\n\n\n<div class=\"wp-block-columns is-layout-flex wp-container-core-columns-is-layout-9d6595d7 wp-block-columns-is-layout-flex\">\n<div class=\"wp-block-column is-layout-flow wp-block-column-is-layout-flow\" style=\"flex-basis:66.66%\">\n<figure class=\"wp-block-image size-large\"><img loading=\"lazy\" decoding=\"async\" width=\"1024\" height=\"768\" src=\"https:\/\/events.i-med.ac.at\/all\/wp-content\/uploads\/2025\/03\/tafelbild_wdg_2025-1024x768.jpeg\" alt=\"\" class=\"wp-image-2601\" srcset=\"https:\/\/events.i-med.ac.at\/all\/wp-content\/uploads\/2025\/03\/tafelbild_wdg_2025-1024x768.jpeg 1024w, https:\/\/events.i-med.ac.at\/all\/wp-content\/uploads\/2025\/03\/tafelbild_wdg_2025-300x225.jpeg 300w, https:\/\/events.i-med.ac.at\/all\/wp-content\/uploads\/2025\/03\/tafelbild_wdg_2025-768x576.jpeg 768w, https:\/\/events.i-med.ac.at\/all\/wp-content\/uploads\/2025\/03\/tafelbild_wdg_2025-1536x1152.jpeg 1536w, https:\/\/events.i-med.ac.at\/all\/wp-content\/uploads\/2025\/03\/tafelbild_wdg_2025-2048x1536.jpeg 2048w\" sizes=\"auto, (max-width: 1024px) 100vw, 1024px\" \/><\/figure>\n<\/div>\n\n\n\n<div class=\"wp-block-column is-layout-flow wp-block-column-is-layout-flow\" style=\"flex-basis:33.33%\">\n<h4 class=\"wp-block-heading\">Polysemisches Gehirn<\/h4>\n\n\n\n<p>Auch in diesem Jahr hat die Neurowissenschafterin Noora Tuovinen von der Univ.-Klinik f\u00fcr Psychiatrie I f\u00fcr die Woche des Gehirns ein tolles Tafelbild im gro\u00dfen H\u00f6rsaal der Medizinischen Universit\u00e4t Innsbruck gestaltet. Hier ihre Erkl\u00e4rung zu dem Bild mit dem Titel:&nbsp;&#8220;Polysemisches Gehirn&#8221; <br><br><em>Diese bunte Kreidezeichnung ist polysemisch, das hei\u00dft, sie kann verschiedene Bedeutungen haben. Sie kann eine gesunde Gehirnh\u00e4lfte zusammen mit der dementen Gehirnh\u00e4lfte zeigen, in der die Erinnerungen durcheinander geraten sind. Bei Demenz ist manchmal eine neue visuelle Kreativit\u00e4t zu beobachten, und kunstbasierte therapeutische Aktivit\u00e4ten k\u00f6nnen genutzt werden, um Erinnerungen und soziales Engagement zu stimulieren. Kunst und Kunsthandwerk, wie Zeichnen, Musik und Tanz, sind M\u00f6glichkeiten, sich ohne Worte auszudr\u00fccken, und k\u00f6nnen zur Verbesserung des psychischen Wohlbefindens eingesetzt werden. Entgegen der landl\u00e4ufigen Meinung sind beide Gehirnh\u00e4lften an der Kreativit\u00e4t beteiligt und kommunizieren miteinander. Daher kann die Zeichnung auch f\u00fcr das k\u00fcnstlerische Gehirn stehen, f\u00fcr die F\u00e4higkeit des Gehirns, Verbindungen und Erinnerungen durch kreatives Denken zu stimulieren.<\/em><\/p>\n<\/div>\n<\/div>\n","protected":false},"excerpt":{"rendered":"<p>Schwerpunkt: Vorbeugung von Gehirnerkrankungen Montag, 10.03.2025 Gesund \u00e4lter werden:Demenz vorbeugen und das Gehirn fit halten Michaela Defrancesco, Ass.-Professorin f\u00fcr neurokognitive St\u00f6rungen Es ist nie zu fr\u00fch, mit der F\u00f6rderung der Gehirngesundheit zu beginnen. In ihrem Vortrag erkl\u00e4rt Michaela Defrancesco was jeder Mensch in jedem Alter f\u00fcr seine Gehirnfitness tun kann und sie schl\u00fcsselt die 14 [&hellip;]<\/p>\n","protected":false},"author":7,"featured_media":0,"parent":0,"menu_order":0,"comment_status":"closed","ping_status":"closed","template":"","meta":{"episode_type":"","audio_file":"","podmotor_file_id":"","podmotor_episode_id":"","cover_image":"","cover_image_id":"","duration":"","filesize":"","filesize_raw":"","date_recorded":"","explicit":"","block":"","itunes_episode_number":"","itunes_title":"","itunes_season_number":"","itunes_episode_type":"","_themeisle_gutenberg_block_has_review":false,"footnotes":""},"class_list":["post-1674","page","type-page","status-publish","hentry"],"_links":{"self":[{"href":"https:\/\/events.i-med.ac.at\/all\/wp-json\/wp\/v2\/pages\/1674","targetHints":{"allow":["GET"]}}],"collection":[{"href":"https:\/\/events.i-med.ac.at\/all\/wp-json\/wp\/v2\/pages"}],"about":[{"href":"https:\/\/events.i-med.ac.at\/all\/wp-json\/wp\/v2\/types\/page"}],"author":[{"embeddable":true,"href":"https:\/\/events.i-med.ac.at\/all\/wp-json\/wp\/v2\/users\/7"}],"replies":[{"embeddable":true,"href":"https:\/\/events.i-med.ac.at\/all\/wp-json\/wp\/v2\/comments?post=1674"}],"version-history":[{"count":161,"href":"https:\/\/events.i-med.ac.at\/all\/wp-json\/wp\/v2\/pages\/1674\/revisions"}],"predecessor-version":[{"id":3293,"href":"https:\/\/events.i-med.ac.at\/all\/wp-json\/wp\/v2\/pages\/1674\/revisions\/3293"}],"wp:attachment":[{"href":"https:\/\/events.i-med.ac.at\/all\/wp-json\/wp\/v2\/media?parent=1674"}],"curies":[{"name":"wp","href":"https:\/\/api.w.org\/{rel}","templated":true}]}}