{"id":3214,"date":"2026-03-09T15:37:22","date_gmt":"2026-03-09T14:37:22","guid":{"rendered":"https:\/\/events.i-med.ac.at\/all\/?post_type=event&#038;p=3214"},"modified":"2026-04-28T12:29:00","modified_gmt":"2026-04-28T10:29:00","slug":"endometriose-therapiekonzepte-vom-jugendalter-bis-zur-menopause","status":"publish","type":"event","link":"https:\/\/events.i-med.ac.at\/all\/event\/endometriose-therapiekonzepte-vom-jugendalter-bis-zur-menopause\/","title":{"rendered":"Endometriose &#8211; Therapiekonzepte vom Jugendalter bis zur Menopause"},"content":{"rendered":"\n<div class=\"wp-block-columns is-layout-flex wp-container-core-columns-is-layout-9d6595d7 wp-block-columns-is-layout-flex\">\n<div class=\"wp-block-column is-layout-flow wp-block-column-is-layout-flow\">\n<figure class=\"wp-block-image size-large\"><img loading=\"lazy\" decoding=\"async\" width=\"1024\" height=\"576\" src=\"https:\/\/events.i-med.ac.at\/all\/wp-content\/uploads\/2026\/03\/BD6B136C-2E7D-452A-8FAE-DCB2E3809622Endometriose_Adobe-Stock-1024x576.jpeg\" alt=\"\" class=\"wp-image-3215\" srcset=\"https:\/\/events.i-med.ac.at\/all\/wp-content\/uploads\/2026\/03\/BD6B136C-2E7D-452A-8FAE-DCB2E3809622Endometriose_Adobe-Stock-1024x576.jpeg 1024w, https:\/\/events.i-med.ac.at\/all\/wp-content\/uploads\/2026\/03\/BD6B136C-2E7D-452A-8FAE-DCB2E3809622Endometriose_Adobe-Stock-300x169.jpeg 300w, https:\/\/events.i-med.ac.at\/all\/wp-content\/uploads\/2026\/03\/BD6B136C-2E7D-452A-8FAE-DCB2E3809622Endometriose_Adobe-Stock-768x432.jpeg 768w, https:\/\/events.i-med.ac.at\/all\/wp-content\/uploads\/2026\/03\/BD6B136C-2E7D-452A-8FAE-DCB2E3809622Endometriose_Adobe-Stock-1536x864.jpeg 1536w, https:\/\/events.i-med.ac.at\/all\/wp-content\/uploads\/2026\/03\/BD6B136C-2E7D-452A-8FAE-DCB2E3809622Endometriose_Adobe-Stock-2048x1152.jpeg 2048w\" sizes=\"auto, (max-width: 1024px) 100vw, 1024px\" \/><figcaption class=\"wp-element-caption\">Bild: Adobe Stock<\/figcaption><\/figure>\n\n\n\n<figure class=\"wp-block-image size-large is-resized\"><img loading=\"lazy\" decoding=\"async\" width=\"1024\" height=\"1024\" src=\"https:\/\/events.i-med.ac.at\/all\/wp-content\/uploads\/2026\/03\/2019_Landeslogo_Rot_4c-1024x1024.png\" alt=\"\" class=\"wp-image-3216\" style=\"width:226px;height:auto\" srcset=\"https:\/\/events.i-med.ac.at\/all\/wp-content\/uploads\/2026\/03\/2019_Landeslogo_Rot_4c-1024x1024.png 1024w, https:\/\/events.i-med.ac.at\/all\/wp-content\/uploads\/2026\/03\/2019_Landeslogo_Rot_4c-300x300.png 300w, https:\/\/events.i-med.ac.at\/all\/wp-content\/uploads\/2026\/03\/2019_Landeslogo_Rot_4c-150x150.png 150w, https:\/\/events.i-med.ac.at\/all\/wp-content\/uploads\/2026\/03\/2019_Landeslogo_Rot_4c-768x768.png 768w, https:\/\/events.i-med.ac.at\/all\/wp-content\/uploads\/2026\/03\/2019_Landeslogo_Rot_4c.png 1181w\" sizes=\"auto, (max-width: 1024px) 100vw, 1024px\" \/><figcaption class=\"wp-element-caption\">\u00a9 Land Tirol<\/figcaption><\/figure>\n<\/div>\n\n\n\n<div class=\"wp-block-column is-layout-flow wp-block-column-is-layout-flow\">\n<h2 class=\"wp-block-heading\"><strong>Mittwoch, 23.09.2026 um 18:30 Uhr im Gro\u00dfen H\u00f6rsaal der Med Uni Innsbruck <\/strong><\/h2>\n\n\n\n<div class=\"wp-block-buttons mb-4 is-layout-flex wp-block-buttons-is-layout-flex\">\n<div class=\"wp-block-button\"><a class=\"wp-block-button__link has-background wp-element-button\" href=\"https:\/\/mui.cloud.panopto.eu\/Panopto\/Pages\/Viewer.aspx?id=1f5e2e0e-44a7-4c34-ac4d-b408010da340\" style=\"background-color:#1d596b\" target=\"_blank\" rel=\"noreferrer noopener\">Hier geht es zum Livestream <\/a><\/div>\n<\/div>\n\n\n\n<p><em><strong>Beata Seeber<\/strong>, Leiterin des Endometriosezentrums an der Med Uni Innsbru<\/em>ck<\/p>\n\n\n\n<p>Endometriose ist eine hormonabh\u00e4ngige Erkrankung, die viele Frauen im geb\u00e4rf\u00e4higen Alter betrifft. Neue medizinische Ans\u00e4tze setzen auf eine fr\u00fche, schonende Diagnose ohne Operation und wirksame, individuell abgestimmte Behandlungen. Ein operativer Eingriff ist dabei nicht mehr automatisch notwendig, sondern wird gezielt zur Linderung von Beschwerden eingesetzt. Stattdessen spielen ganzheitliche, kombinierte Therapiekonzepte eine immer gr\u00f6\u00dfere Rolle. In diesem Vortrag von Beata Seeber erfahren Sie, wie sich Endometriose von der Pubert\u00e4t bis zur Menopause zeigen kann und welche Behandlungsm\u00f6glichkeiten es in den verschiedenen Lebensphasen gibt. <\/p>\n\n\n\n<p><strong>Der Vortrag wird in \u00d6GS (\u00d6sterreichische Geb\u00e4rdensprache) \u00fcbersetzt)<\/strong>.<\/p>\n\n\n\n<p>Eine Veranstaltung in Kooperation mit dem Land Tirol. Alle Infos zum Thema Frauengesundheit vom Land Tirol gibt es hier:&nbsp;<\/p>\n\n\n\n<div class=\"wp-block-buttons is-layout-flex wp-block-buttons-is-layout-flex\">\n<div class=\"wp-block-button\"><a class=\"wp-block-button__link has-vivid-red-background-color has-background wp-element-button\" href=\"https:\/\/frauen-gesundheit.tirol\/\" target=\"_blank\" rel=\"noreferrer noopener\">Frauengesundheit Land Tirol<\/a><\/div>\n<\/div>\n\n\n\n<p><\/p>\n\n\n\n<p><\/p>\n<\/div>\n<\/div>\n","protected":false},"featured_media":3215,"template":"","categories":[10],"class_list":["post-3214","event","type-event","status-publish","has-post-thumbnail","hentry","category-aktuell"],"_links":{"self":[{"href":"https:\/\/events.i-med.ac.at\/all\/wp-json\/wp\/v2\/event\/3214","targetHints":{"allow":["GET"]}}],"collection":[{"href":"https:\/\/events.i-med.ac.at\/all\/wp-json\/wp\/v2\/event"}],"about":[{"href":"https:\/\/events.i-med.ac.at\/all\/wp-json\/wp\/v2\/types\/event"}],"wp:featuredmedia":[{"embeddable":true,"href":"https:\/\/events.i-med.ac.at\/all\/wp-json\/wp\/v2\/media\/3215"}],"wp:attachment":[{"href":"https:\/\/events.i-med.ac.at\/all\/wp-json\/wp\/v2\/media?parent=3214"}],"wp:term":[{"taxonomy":"category","embeddable":true,"href":"https:\/\/events.i-med.ac.at\/all\/wp-json\/wp\/v2\/categories?post=3214"}],"curies":[{"name":"wp","href":"https:\/\/api.w.org\/{rel}","templated":true}]}}

<div class="wp-block-columns is-layout-flex wp-container-core-columns-is-layout-9d6595d7 wp-block-columns-is-layout-flex">
<div class="wp-block-column is-layout-flow wp-block-column-is-layout-flow">
<figure class="wp-block-image size-large"><img loading="lazy" decoding="async" width="1024" height="576" src="https://events.i-med.ac.at/all/wp-content/uploads/2026/03/BD6B136C-2E7D-452A-8FAE-DCB2E3809622Endometriose_Adobe-Stock-1024x576.jpeg" alt="" class="wp-image-3215" srcset="https://events.i-med.ac.at/all/wp-content/uploads/2026/03/BD6B136C-2E7D-452A-8FAE-DCB2E3809622Endometriose_Adobe-Stock-1024x576.jpeg 1024w, https://events.i-med.ac.at/all/wp-content/uploads/2026/03/BD6B136C-2E7D-452A-8FAE-DCB2E3809622Endometriose_Adobe-Stock-300x169.jpeg 300w, https://events.i-med.ac.at/all/wp-content/uploads/2026/03/BD6B136C-2E7D-452A-8FAE-DCB2E3809622Endometriose_Adobe-Stock-768x432.jpeg 768w, https://events.i-med.ac.at/all/wp-content/uploads/2026/03/BD6B136C-2E7D-452A-8FAE-DCB2E3809622Endometriose_Adobe-Stock-1536x864.jpeg 1536w, https://events.i-med.ac.at/all/wp-content/uploads/2026/03/BD6B136C-2E7D-452A-8FAE-DCB2E3809622Endometriose_Adobe-Stock-2048x1152.jpeg 2048w" sizes="auto, (max-width: 1024px) 100vw, 1024px" /><figcaption class="wp-element-caption">Bild: Adobe Stock</figcaption></figure>



<figure class="wp-block-image size-large is-resized"><img loading="lazy" decoding="async" width="1024" height="1024" src="https://events.i-med.ac.at/all/wp-content/uploads/2026/03/2019_Landeslogo_Rot_4c-1024x1024.png" alt="" class="wp-image-3216" style="width:226px;height:auto" srcset="https://events.i-med.ac.at/all/wp-content/uploads/2026/03/2019_Landeslogo_Rot_4c-1024x1024.png 1024w, https://events.i-med.ac.at/all/wp-content/uploads/2026/03/2019_Landeslogo_Rot_4c-300x300.png 300w, https://events.i-med.ac.at/all/wp-content/uploads/2026/03/2019_Landeslogo_Rot_4c-150x150.png 150w, https://events.i-med.ac.at/all/wp-content/uploads/2026/03/2019_Landeslogo_Rot_4c-768x768.png 768w, https://events.i-med.ac.at/all/wp-content/uploads/2026/03/2019_Landeslogo_Rot_4c.png 1181w" sizes="auto, (max-width: 1024px) 100vw, 1024px" /><figcaption class="wp-element-caption">© Land Tirol</figcaption></figure>
</div>



<div class="wp-block-column is-layout-flow wp-block-column-is-layout-flow">
<h2 class="wp-block-heading"><strong>Mittwoch, 23.09.2026 um 18:30 Uhr im Großen Hörsaal der Med Uni Innsbruck </strong></h2>



<div class="wp-block-buttons mb-4 is-layout-flex wp-block-buttons-is-layout-flex">
<div class="wp-block-button"><a class="wp-block-button__link has-background wp-element-button" href="https://mui.cloud.panopto.eu/Panopto/Pages/Viewer.aspx?id=1f5e2e0e-44a7-4c34-ac4d-b408010da340" style="background-color:#1d596b" target="_blank" rel="noreferrer noopener">Hier geht es zum Livestream </a></div>
</div>



<p><em><strong>Beata Seeber</strong>, Leiterin des Endometriosezentrums an der Med Uni Innsbru</em>ck</p>



<p>Endometriose ist eine hormonabhängige Erkrankung, die viele Frauen im gebärfähigen Alter betrifft. Neue medizinische Ansätze setzen auf eine frühe, schonende Diagnose ohne Operation und wirksame, individuell abgestimmte Behandlungen. Ein operativer Eingriff ist dabei nicht mehr automatisch notwendig, sondern wird gezielt zur Linderung von Beschwerden eingesetzt. Stattdessen spielen ganzheitliche, kombinierte Therapiekonzepte eine immer größere Rolle. In diesem Vortrag von Beata Seeber erfahren Sie, wie sich Endometriose von der Pubertät bis zur Menopause zeigen kann und welche Behandlungsmöglichkeiten es in den verschiedenen Lebensphasen gibt. </p>



<p><strong>Der Vortrag wird in ÖGS (Österreichische Gebärdensprache) übersetzt)</strong>.</p>



<p>Eine Veranstaltung in Kooperation mit dem Land Tirol. Alle Infos zum Thema Frauengesundheit vom Land Tirol gibt es hier:&nbsp;</p>



<div class="wp-block-buttons is-layout-flex wp-block-buttons-is-layout-flex">
<div class="wp-block-button"><a class="wp-block-button__link has-vivid-red-background-color has-background wp-element-button" href="https://frauen-gesundheit.tirol/" target="_blank" rel="noreferrer noopener">Frauengesundheit Land Tirol</a></div>
</div>



<p></p>



<p></p>
</div>
</div>
