{"id":2936,"date":"2025-10-03T13:24:30","date_gmt":"2025-10-03T11:24:30","guid":{"rendered":"https:\/\/events.i-med.ac.at\/all\/?post_type=event&#038;p=2936"},"modified":"2026-03-25T12:51:33","modified_gmt":"2026-03-25T11:51:33","slug":"die-geheime-welt-in-uns-wie-ernaehrung-und-darmmikrobiota-unsere-gesundheit-steuern","status":"publish","type":"event","link":"https:\/\/events.i-med.ac.at\/all\/event\/die-geheime-welt-in-uns-wie-ernaehrung-und-darmmikrobiota-unsere-gesundheit-steuern\/","title":{"rendered":"Die geheime Welt in uns &#8211; Wie Ern\u00e4hrung und Darmmikrobiota unsere Gesundheit steuern"},"content":{"rendered":"\n<div class=\"wp-block-columns is-layout-flex wp-container-core-columns-is-layout-9d6595d7 wp-block-columns-is-layout-flex\">\n<div class=\"wp-block-column is-layout-flow wp-block-column-is-layout-flow\">\n<figure class=\"wp-block-image size-large\"><img loading=\"lazy\" decoding=\"async\" width=\"1024\" height=\"669\" src=\"https:\/\/events.i-med.ac.at\/all\/wp-content\/uploads\/2025\/10\/Bild-WiGes-24012026-1024x669.jpg\" alt=\"Bild: Canva\n\" class=\"wp-image-2937\" srcset=\"https:\/\/events.i-med.ac.at\/all\/wp-content\/uploads\/2025\/10\/Bild-WiGes-24012026-1024x669.jpg 1024w, https:\/\/events.i-med.ac.at\/all\/wp-content\/uploads\/2025\/10\/Bild-WiGes-24012026-300x196.jpg 300w, https:\/\/events.i-med.ac.at\/all\/wp-content\/uploads\/2025\/10\/Bild-WiGes-24012026-768x502.jpg 768w, https:\/\/events.i-med.ac.at\/all\/wp-content\/uploads\/2025\/10\/Bild-WiGes-24012026.jpg 1140w\" sizes=\"auto, (max-width: 1024px) 100vw, 1024px\" \/><\/figure>\n\n\n\n<p><\/p>\n\n\n\n<p><\/p>\n\n\n\n<figure class=\"wp-block-image size-full is-resized\"><img loading=\"lazy\" decoding=\"async\" width=\"688\" height=\"135\" src=\"https:\/\/events.i-med.ac.at\/all\/wp-content\/uploads\/2025\/10\/Druck.jpg\" alt=\"\" class=\"wp-image-3004\" style=\"aspect-ratio:5.096786911097969;width:293px;height:auto\" srcset=\"https:\/\/events.i-med.ac.at\/all\/wp-content\/uploads\/2025\/10\/Druck.jpg 688w, https:\/\/events.i-med.ac.at\/all\/wp-content\/uploads\/2025\/10\/Druck-300x59.jpg 300w\" sizes=\"auto, (max-width: 688px) 100vw, 688px\" \/><\/figure>\n<\/div>\n\n\n\n<div class=\"wp-block-column is-layout-flow wp-block-column-is-layout-flow\">\n<h2 class=\"wp-block-heading\"><strong>Donnerstag, 18.06.2026 um 19 Uhr in der Stadtbibliothek Innsbruck <\/strong><\/h2>\n\n\n\n<p><em>Julian Schw\u00e4rzler, Mediziner und Forscher an der Univ.-Klinik f\u00fcr Innere Medizin I<\/em><\/p>\n\n\n\n<p>Der Darm ist weit mehr als nur ein Verdauungsorgan &#8211; er beherbergt ein einzigartiges \u00d6kosystem aus Milliarden von Bakterien, Pilzen und Viren. Diese Keime bilden das sogenannte Darmmikrobiom, das in enger Beziehung mit unserem K\u00f6rper steht und eine zentrale Rolle f\u00fcr unsere Gesundheit spielt. Unsere Ern\u00e4hrung ist dabei nicht nur Nahrung f\u00fcr uns, sondern auch f\u00fcr das Mikrobiom im Darm und formt damit ma\u00dfgeblich die Vielfalt und Stabilit\u00e4t dieses Systems.<\/p>\n\n\n\n<p>Im Vortrag zeigt Julian Schw\u00e4rzler, wie Ern\u00e4hrung und Darmmikrobiom zusammenspielen und unsere Gesundheit weit \u00fcber den Darm hinaus steuern. Der Mediziner und Forscher erkl\u00e4rt, wie Ver\u00e4nderungen im Mikrobiom die Entstehung unterschiedlicher Erkrankungen beg\u00fcnstigt und warum neue wissenschaftliche Erkenntnisse Hoffnung geben, dass diese \u201egeheime Welt in uns\u201c k\u00fcnftig sogar f\u00fcr die Behandlung von Krankheiten genutzt werden kann.<\/p>\n\n\n\n<p>F\u00fcr diese Veranstaltungen k\u00f6nnen Sie sich kostenlos einen Platz in der&nbsp;<a href=\"https:\/\/stadtbibliothek.innsbruck.gv.at\/de\/home\/1-0.html\" target=\"_blank\" rel=\"noreferrer noopener\">Stadtbibliothek<\/a>&nbsp;reservieren. Tel. +43 512 5360 5700<\/p>\n\n\n\n<p><strong>Der Vortrag wird in \u00d6GS (\u00d6sterreichische Geb\u00e4rdensprache) \u00fcbersetzt)! <\/strong><\/p>\n\n\n\n<p>Eine Veranstaltung in Kooperation mit der Stadtbibliothek Innsbruck.<br><br><br><\/p>\n<\/div>\n<\/div>\n\n\n\n<p><\/p>\n","protected":false},"featured_media":2937,"template":"","categories":[10],"class_list":["post-2936","event","type-event","status-publish","has-post-thumbnail","hentry","category-aktuell"],"_links":{"self":[{"href":"https:\/\/events.i-med.ac.at\/all\/wp-json\/wp\/v2\/event\/2936","targetHints":{"allow":["GET"]}}],"collection":[{"href":"https:\/\/events.i-med.ac.at\/all\/wp-json\/wp\/v2\/event"}],"about":[{"href":"https:\/\/events.i-med.ac.at\/all\/wp-json\/wp\/v2\/types\/event"}],"wp:featuredmedia":[{"embeddable":true,"href":"https:\/\/events.i-med.ac.at\/all\/wp-json\/wp\/v2\/media\/2937"}],"wp:attachment":[{"href":"https:\/\/events.i-med.ac.at\/all\/wp-json\/wp\/v2\/media?parent=2936"}],"wp:term":[{"taxonomy":"category","embeddable":true,"href":"https:\/\/events.i-med.ac.at\/all\/wp-json\/wp\/v2\/categories?post=2936"}],"curies":[{"name":"wp","href":"https:\/\/api.w.org\/{rel}","templated":true}]}}

Die geheime Welt in uns &#8211; Wie Ernährung und Darmmikrobiota unsere Gesundheit steuern

<div class="wp-block-columns is-layout-flex wp-container-core-columns-is-layout-9d6595d7 wp-block-columns-is-layout-flex">
<div class="wp-block-column is-layout-flow wp-block-column-is-layout-flow">
<figure class="wp-block-image size-large"><img loading="lazy" decoding="async" width="1024" height="669" src="https://events.i-med.ac.at/all/wp-content/uploads/2025/10/Bild-WiGes-24012026-1024x669.jpg" alt="Bild: Canva
" class="wp-image-2937" srcset="https://events.i-med.ac.at/all/wp-content/uploads/2025/10/Bild-WiGes-24012026-1024x669.jpg 1024w, https://events.i-med.ac.at/all/wp-content/uploads/2025/10/Bild-WiGes-24012026-300x196.jpg 300w, https://events.i-med.ac.at/all/wp-content/uploads/2025/10/Bild-WiGes-24012026-768x502.jpg 768w, https://events.i-med.ac.at/all/wp-content/uploads/2025/10/Bild-WiGes-24012026.jpg 1140w" sizes="auto, (max-width: 1024px) 100vw, 1024px" /></figure>



<p></p>



<p></p>



<figure class="wp-block-image size-full is-resized"><img loading="lazy" decoding="async" width="688" height="135" src="https://events.i-med.ac.at/all/wp-content/uploads/2025/10/Druck.jpg" alt="" class="wp-image-3004" style="aspect-ratio:5.096786911097969;width:293px;height:auto" srcset="https://events.i-med.ac.at/all/wp-content/uploads/2025/10/Druck.jpg 688w, https://events.i-med.ac.at/all/wp-content/uploads/2025/10/Druck-300x59.jpg 300w" sizes="auto, (max-width: 688px) 100vw, 688px" /></figure>
</div>



<div class="wp-block-column is-layout-flow wp-block-column-is-layout-flow">
<h2 class="wp-block-heading"><strong>Donnerstag, 18.06.2026 um 19 Uhr in der Stadtbibliothek Innsbruck </strong></h2>



<p><em>Julian Schwärzler, Mediziner und Forscher an der Univ.-Klinik für Innere Medizin I</em></p>



<p>Der Darm ist weit mehr als nur ein Verdauungsorgan &#8211; er beherbergt ein einzigartiges Ökosystem aus Milliarden von Bakterien, Pilzen und Viren. Diese Keime bilden das sogenannte Darmmikrobiom, das in enger Beziehung mit unserem Körper steht und eine zentrale Rolle für unsere Gesundheit spielt. Unsere Ernährung ist dabei nicht nur Nahrung für uns, sondern auch für das Mikrobiom im Darm und formt damit maßgeblich die Vielfalt und Stabilität dieses Systems.</p>



<p>Im Vortrag zeigt Julian Schwärzler, wie Ernährung und Darmmikrobiom zusammenspielen und unsere Gesundheit weit über den Darm hinaus steuern. Der Mediziner und Forscher erklärt, wie Veränderungen im Mikrobiom die Entstehung unterschiedlicher Erkrankungen begünstigt und warum neue wissenschaftliche Erkenntnisse Hoffnung geben, dass diese „geheime Welt in uns“ künftig sogar für die Behandlung von Krankheiten genutzt werden kann.</p>



<p>Für diese Veranstaltungen können Sie sich kostenlos einen Platz in der&nbsp;<a href="https://stadtbibliothek.innsbruck.gv.at/de/home/1-0.html" target="_blank" rel="noreferrer noopener">Stadtbibliothek</a>&nbsp;reservieren. Tel. +43 512 5360 5700</p>



<p><strong>Der Vortrag wird in ÖGS (Österreichische Gebärdensprache) übersetzt)! </strong></p>



<p>Eine Veranstaltung in Kooperation mit der Stadtbibliothek Innsbruck.<br><br><br></p>
</div>
</div>



<p></p>
